 j?
2
Let d(a) = 52*a**2 + 2*a. Let y be d(2). Let f be 3/(-8)*(-140)/30*y. Let x = f + -260. What is the units digit of x?
1
Suppose -3*x + 46 - 13 = 0. Let m be 22/4 + (44/8)/x. Suppose m*c + 343 = 13*c. What is the tens digit of c?
4
Let z(s) = s**3 - 8*s**2 - 5*s - 10. Let r be z(9). Suppose 6*c + r = 44. Suppose -c*w = -2*x + 179, -77 = -3*x - w + 197. What is the units digit of x?
1
Suppose 12258785 = 174*q + 421*q. What is the tens digit of q?
0
Let r = 116785 - 26036. What is the thousands digit of r?
0
Suppose 0 = c + 3*a - 667, 11*c + 5*a = 6*c + 3335. Suppose -11*d - 18*d = -c. What is the units digit of d?
3
Let w be 36*(24/9 + -2). Let k = -1758 - -1772. What is the units digit of 242/k - w/84?
7
Let f be 5840/60*(0 + (-1 - -7)). Let r = -408 + f. What is the hundreds digit of r?
1
Suppose 5*j - 5*x = -x + 584, x - 364 = -3*j. Let r(p) = 10*p + 397. Let i be r(-39). Suppose i*f - 930 = j. What is the units digit of f?
0
Suppose -4*m + 3*i = 298, m + 29 + 41 = 3*i. Let x = m + 224. What is the units digit of x?
8
Let r(n) = n**3 - 11*n**2 - 34*n - 2. Let f be r(14). Let d = 358 - f. What is the units digit of d?
8
Suppose 35 = 144*b - 151*b. Let q(k) = -10*k**3 - 2*k**2 + 9*k + 8. What is the thousands digit of q(b)?
1
Let l be (-3 + 11753/21)*(-36)/(-20). Suppose m - 3*g = l, -17*g + 20*g = -6. What is the tens digit of m?
9
Let l = -21713 - -25629. What is the hundreds digit of l?
9
Suppose -21*h - 2610 = 2115. What is the units digit of (-150200)/h + 4/9?
8
Let b be ((0 - -2)/6)/(-1)*-3. Let w(k) = -17*k + 1 + 5*k + b. What is the tens digit of w(-8)?
9
Suppose -2*a = -3*j + 11, j + j = 4*a + 2. What is the hundreds digit of (a + (3 - -15))/((-22)/(-187))?
1
Suppose -5*j = -9*k + 13*k - 8025, 2*j = 5*k + 3210. Suppose -11*a = -16*a + j. What is the units digit of a?
1
Let r(l) = 9*l**2 + 9*l - 3. What is the tens digit of r(31)?
2
Let k(v) = -96*v + 10. Let q(j) = -2*j**2 - 5*j - 1. Let n be q(-3). Let a be k(n). Suppose 302 = 4*z - 2*m - a, 181 = z + 3*m. What is the units digit of z?
5
Suppose 0 = -4*w + 16, 11*w = 2*v + 7*w - 67330. What is the hundreds digit of v?
6
Suppose 7296 = 12*s - 6*s. Let b = s - 534. What is the tens digit of b?
8
Suppose 264 = 9*n - 285. Let j(x) = -x + 6. Let k be j(7). Let d = n - k. What is the tens digit of d?
6
Suppose -4*w + 0 + 4 = -4*d, -2*w - d = -5. Let i(s) = s**3 - 4*s**2 - s - 1. Let l be i(w). Let c(x) = -4*x - 4. What is the units digit of c(l)?
0
Let v(m) = 81*m - 3. Let u(g) = -82*g + 2. Let p(w) = -4*u(w) - 3*v(w). Let l be p(5). Suppose -26 = 2*c - l. What is the units digit of c?
0
What is the tens digit of (189705600/(-110))/(-42) - (9/11 - 1)?
6
What is the units digit of (-241328)/(-52) - (-4)/(312/6)?
1
Let y be (0 - (51 + 1))*(-25)/20. Let k be ((-25)/(-30))/5 + y/6. Let l(p) = 7*p + 9. What is the tens digit of l(k)?
8
Let u(d) = -47*d - 223. Suppose 108 = 47*j - 51*j. What is the tens digit of u(j)?
4
Suppose 21 = j + 25. Let h be 20 + j + -4 + -4. What is the units digit of (-640)/8*h/(-10)?
4
What is the units digit of 2219/951 + (-9452)/(-3)?
3
Let s = 94187 + -61167. What is the tens digit of s?
2
Suppose 5*w - 71 = -86. Let m be ((-50)/(-12) + w/2)*183. Suppose 2*i = -5*q + 607, -2*i = -4*q - 6*i + m. What is the hundreds digit of q?
1
What is the hundreds digit of ((-5)/(-15) - (-121)/15)/(162/423900)?
9
Suppose 2*t + 20 = -8*t. Let k be ((-1)/(-1))/t*-16. What is the units digit of (-590)/(-7) - k/28?
4
Suppose -4*j - 4*c = 4, 4*j + 2*c - 8 = c. Let n be (-31)/(-4 - (0 - j)). Suppose -3*o + n + 181 = -z, 2*z = -3*o + 224. What is the units digit of o?
2
Suppose y - 140 = -4*y. Suppose 20 = -4*j + y. Suppose 378 = 4*q + j*q. What is the units digit of q?
3
Suppose 0 = -4*r - 3*f + 2, -3*r = 3*f - f - 2. Suppose -r*o + 347 = -291. What is the units digit of o?
9
Let z(a) = 23*a**2 + 263*a + 29. What is the tens digit of z(-24)?
6
Let x(o) = -75*o + 29. Let f(j) = 2*j. Let b(s) = 2*f(s) - x(s). What is the hundreds digit of b(2)?
1
Let w(d) = -31 + 68*d**2 - 84 + 25 - 21*d + 13*d**2. What is the hundreds digit of w(-4)?
2
Let l = -2834 - -4389. What is the units digit of l?
5
Let b = 10 - 7. Suppose 870 = -4*f + 2*m, -3*f + 6*f + m = -640. What is the units digit of b*2*f/(-15)?
6
Let t(a) = 3*a**2 + a + 2. Let c be t(-1). Let b be -1 + ((-3)/c)/(5/(-40)). Suppose 448 = b*w - 4*j, 2*w = -0*w - j + 174. What is the tens digit of w?
8
Let m(b) = 104*b - 69. What is the tens digit of m(24)?
2
Suppose 61*v + 528 = 39*v. What is the tens digit of (381 + v/(-4))*2/2?
8
Suppose -2*r - 3 = 1, 4*o - 4 = -4*r. Let q be (-1784)/200 + 9 + (-16)/200. Suppose -4*d + d + o = q. What is the units digit of d?
1
Suppose 3*d + 11943 = 12*d. Suppose 5*k + 5*a = 8*k - d, a - 2165 = -5*k. What is the tens digit of k?
3
Suppose -234938 = -35*m + 97037. What is the tens digit of m?
8
Let r = -544 + 1346. Let k = r + -99. What is the tens digit of k?
0
Suppose 14 = x + 10. Suppose x*h + 425 = -2*w + 7*h, -5*w = 2*h + 1015. Let c = 377 + w. What is the tens digit of c?
7
Suppose 5*v + 3*b - 54 = 0, 4*b + 52 = 4*v + 2*b. Suppose v*k - 1780 = 2*k. Let y = k - 77. What is the tens digit of y?
0
Suppose 3546 = 424*f - 421*f. Let s = f - 717. What is the tens digit of s?
6
Suppose 8*i + 197 = -171. Let a = i + 41. What is the units digit of 8 + a - (0 - -3)/(-3)?
4
Let l(g) = g**3 + 3*g**2 - 6*g - 6. Let f be l(-4). Let j be 41 - 30*5/30. Suppose -f*m - 3*h = -36, -m + 3*h = m - j. What is the units digit of m?
8
Suppose -25*n + 24*n + 601 = 0. Let x be (158/14 - 4) + 4/(-14). Suppose 15 = x*c - n. What is the units digit of c?
8
Suppose i + 5*f - 44205 = -0*f, -3*i + 4*f + 132672 = 0. What is the thousands digit of i?
4
Let n = -12 - -12. Suppose n = -212*f + 205*f + 5796. What is the units digit of f?
8
Suppose 25*z + 2*s = 21*z + 41964, -42006 = -4*z + 5*s. What is the thousands digit of z?
0
Let z = -5163 + 7574. What is the hundreds digit of z?
4
Let v(j) = -j**3 - 106*j**2 - 184*j - 415. What is the tens digit of v(-105)?
8
Suppose 17*q + 2053 - 10264 = 14*q. What is the thousands digit of q?
2
Let v = 465 - 309. Let f = 213 - v. What is the tens digit of f?
5
Let x(o) = 2*o + 1. Let d be x(1). Let r(t) = -t**2 + 56*t - 297. Let q be r(50). Suppose 0 = -q*f, 2*f + 146 = d*i - 46. What is the units digit of i?
4
Let q(m) = -m**2 + 44*m + 31. Let h be q(26). What is the units digit of 3/12 + h*7/28?
5
Let z(t) = -t**3 - 2*t**2 + 11*t + 2. Let k be z(-4). Let r be (-31)/(-11) + k/(-55). Suppose -r*h + 0*h = -642. What is the hundreds digit of h?
2
What is the hundreds digit of 3689/175 + -21 - (-883296)/50?
6
Suppose -25*p + 54 = -7*p. Suppose -2*y = -z + 950, -241 = p*z - y - 3116. Suppose 5*d + 160 = z. What is the units digit of d?
0
Let n(b) = -5 - 3 - 4 - 4*b. Let x(u) = 2*u**3 + 14*u**2 + 17*u + 14. Let k be x(-6). What is the units digit of n(k)?
2
Let w = 20819 - 10503. What is the hundreds digit of w?
3
Suppose h + 3*d + 15 = 0, 2*d + 22 = -h + 7. Let i(s) = s**2 + 9 - s + 11*s + 4 + 2. What is the units digit of i(h)?
0
Suppose 114*x - 3921239 - 558163 = 0. What is the thousands digit of x?
9
Suppose -203*x + 175*x = 84. Let k = -1 - -1. What is the tens digit of (k + -1)*(-335)/(-15)*x?
6
Let j(v) = -v**3 + 5*v**2 + 18*v - 22. Let q be j(7). What is the tens digit of 2/(-4) - (-2 + (-2115)/q)?
5
Let n(c) = 913*c**2 - 1986*c - 9907. What is the tens digit of n(-5)?
4
Let n(z) be the second derivative of 0 + 22*z**2 - 5/2*z**3 - 41*z. What is the hundreds digit of n(-11)?
2
Let p = 24972 + 7718. What is the units digit of p?
0
Suppose -u = 5*g - 37061, 0 = -187*g + 190*g - u - 22227. What is the tens digit of g?
1
What is the units digit of 26865 - (6 - -9) - -15?
5
Let s be ((-1)/2)/(((-1)/22)/1). Suppose -s*m + 14402 = 8*m. What is the tens digit of m?
5
Let b(y) = -y**3 + 24*y**2 - 41*y + 31. Let o be b(22). Suppose -i = u - o, -4*i = -4*u - 390 - 6. What is the units digit of i?
8
Let g = -720 - -639. Let w = 605 - g. What is the tens digit of w?
8
What is the units digit of (-11 - 157592/(-48)) + 5/(-3*10)?
2
Let f(l) = 5*l**2 - 9*l + 16. Let j(t) = 5*t + 1. Let y be j(3). Let d be f(y). Suppose 13*p - 5*p - d = 0. What is the hundreds digit of p?
1
Let i(r) = 4*r + 134. Let a